[INFO] cloning repository https://github.com/LooMaclin/gravity_defied_rs
[INFO] running `Command { std: "git" "-c" "credential.helper=" "-c" "credential.helper=/workspace/cargo-home/bin/git-credential-null" "clone" "--bare" "https://github.com/LooMaclin/gravity_defied_rs" "/workspace/cache/git-repos/https%3A%2F%2Fgithub.com%2FLooMaclin%2Fgravity_defied_rs", kill_on_drop: false }`
[INFO] [stderr] Cloning into bare repository '/workspace/cache/git-repos/https%3A%2F%2Fgithub.com%2FLooMaclin%2Fgravity_defied_rs'...
[INFO] running `Command { std: "git" "rev-parse" "HEAD", kill_on_drop: false }`
[INFO] [stdout] 7086a804392da3233b0966e9679f3a193047b9d3
[INFO] checking LooMaclin/gravity_defied_rs against master#af3c6e733a40e671550e0f0f5aeecaa13772ba56 for pr-74989
[INFO] running `Command { std: "git" "clone" "/workspace/cache/git-repos/https%3A%2F%2Fgithub.com%2FLooMaclin%2Fgravity_defied_rs" "/workspace/builds/worker-1/source", kill_on_drop: false }`
[INFO] [stderr] Cloning into '/workspace/builds/worker-1/source'...
[INFO] [stderr] done.
[INFO] validating manifest of git repo https://github.com/LooMaclin/gravity_defied_rs on toolchain af3c6e733a40e671550e0f0f5aeecaa13772ba56
[INFO] running `Command { std: "/workspace/cargo-home/bin/cargo" "+af3c6e733a40e671550e0f0f5aeecaa13772ba56" "read-manifest" "--manifest-path" "Cargo.toml", kill_on_drop: false }`
[INFO] started tweaking git repo https://github.com/LooMaclin/gravity_defied_rs
[INFO] finished tweaking git repo https://github.com/LooMaclin/gravity_defied_rs
[INFO] tweaked toml for git repo https://github.com/LooMaclin/gravity_defied_rs written to /workspace/builds/worker-1/source/Cargo.toml
[INFO] crate git repo https://github.com/LooMaclin/gravity_defied_rs already has a lockfile, it will not be regenerated
[INFO] running `Command { std: "/workspace/cargo-home/bin/cargo" "+af3c6e733a40e671550e0f0f5aeecaa13772ba56" "fetch" "--locked" "--manifest-path" "Cargo.toml", kill_on_drop: false }`
[INFO] running `Command { std: "docker" "create" "-v" "/var/lib/crater-agent-workspace/builds/worker-1/target:/opt/rustwide/target:rw,Z" "-v" "/var/lib/crater-agent-workspace/builds/worker-1/source:/opt/rustwide/workdir:ro,Z" "-v" "/var/lib/crater-agent-workspace/cargo-home:/opt/rustwide/cargo-home:ro,Z" "-v" "/var/lib/crater-agent-workspace/rustup-home:/opt/rustwide/rustup-home:ro,Z" "-e" "SOURCE_DIR=/opt/rustwide/workdir" "-e" "CARGO_TARGET_DIR=/opt/rustwide/target" "-e" "CARGO_HOME=/opt/rustwide/cargo-home" "-e" "RUSTUP_HOME=/opt/rustwide/rustup-home" "-w" "/opt/rustwide/workdir" "-m" "1610612736" "--user" "0:0" "--network" "none" "rustops/crates-build-env@sha256:d92eaeed33fa75130ca1ee6c8a01d1ffb62bac859dfdfb3450e3e5d1c0146529" "/opt/rustwide/cargo-home/bin/cargo" "+af3c6e733a40e671550e0f0f5aeecaa13772ba56" "metadata" "--no-deps" "--format-version=1", kill_on_drop: false }`
[INFO] [stderr] WARNING: Your kernel does not support swap limit capabilities or the cgroup is not mounted. Memory limited without swap.
[INFO] [stdout] b4a645f11c6b083fe8b36273a23efa94cf2899e0d07c7c840e3f2ea0643fec63
[INFO] running `Command { std: "docker" "start" "-a" "b4a645f11c6b083fe8b36273a23efa94cf2899e0d07c7c840e3f2ea0643fec63", kill_on_drop: false }`
[INFO] running `Command { std: "docker" "inspect" "b4a645f11c6b083fe8b36273a23efa94cf2899e0d07c7c840e3f2ea0643fec63", kill_on_drop: false }`
[INFO] running `Command { std: "docker" "rm" "-f" "b4a645f11c6b083fe8b36273a23efa94cf2899e0d07c7c840e3f2ea0643fec63", kill_on_drop: false }`
[INFO] [stdout] b4a645f11c6b083fe8b36273a23efa94cf2899e0d07c7c840e3f2ea0643fec63
[INFO] running `Command { std: "docker" "create" "-v" "/var/lib/crater-agent-workspace/builds/worker-1/target:/opt/rustwide/target:rw,Z" "-v" "/var/lib/crater-agent-workspace/builds/worker-1/source:/opt/rustwide/workdir:ro,Z" "-v" "/var/lib/crater-agent-workspace/cargo-home:/opt/rustwide/cargo-home:ro,Z" "-v" "/var/lib/crater-agent-workspace/rustup-home:/opt/rustwide/rustup-home:ro,Z" "-e" "SOURCE_DIR=/opt/rustwide/workdir" "-e" "CARGO_TARGET_DIR=/opt/rustwide/target" "-e" "CARGO_INCREMENTAL=0" "-e" "RUST_BACKTRACE=full" "-e" "RUSTFLAGS=--cap-lints=forbid" "-e" "CARGO_HOME=/opt/rustwide/cargo-home" "-e" "RUSTUP_HOME=/opt/rustwide/rustup-home" "-w" "/opt/rustwide/workdir" "-m" "1610612736" "--user" "0:0" "--network" "none" "rustops/crates-build-env@sha256:d92eaeed33fa75130ca1ee6c8a01d1ffb62bac859dfdfb3450e3e5d1c0146529" "/opt/rustwide/cargo-home/bin/cargo" "+af3c6e733a40e671550e0f0f5aeecaa13772ba56" "check" "--frozen" "--all" "--all-targets" "--message-format=json", kill_on_drop: false }`
[INFO] [stdout] 2663096cd80d3261650ebf20b79ecf5f87bafa3174657373e07b37c4882d58b2
[INFO] [stderr] WARNING: Your kernel does not support swap limit capabilities or the cgroup is not mounted. Memory limited without swap.
[INFO] running `Command { std: "docker" "start" "-a" "2663096cd80d3261650ebf20b79ecf5f87bafa3174657373e07b37c4882d58b2", kill_on_drop: false }`
[INFO] [stderr]     Checking num-traits v0.2.0
[INFO] [stderr]    Compiling typenum v1.9.0
[INFO] [stderr]     Checking rustc-serialize v0.3.24
[INFO] [stderr]    Compiling cfg-if v0.1.2
[INFO] [stderr]     Checking byteorder v1.2.1
[INFO] [stderr]     Checking bitflags v1.0.1
[INFO] [stderr]    Compiling either v1.4.0
[INFO] [stderr]    Compiling proc-macro2 v0.4.18
[INFO] [stderr]    Compiling khronos_api v2.1.0
[INFO] [stderr]    Compiling pkg-config v0.3.9
[INFO] [stderr]     Checking adler32 v1.0.2
[INFO] [stderr]     Checking void v1.0.2
[INFO] [stderr]     Checking lzw v0.10.0
[INFO] [stderr]     Checking lazy_static v1.0.0
[INFO] [stderr]     Checking serde v1.0.27
[INFO] [stderr]     Checking slab v0.4.0
[INFO] [stderr]     Checking xi-unicode v0.1.0
[INFO] [stderr]     Checking claxon v0.3.1
[INFO] [stderr]     Checking rand v0.4.2
[INFO] [stderr]    Compiling syn v0.10.8
[INFO] [stderr]    Compiling backtrace-sys v0.1.24
[INFO] [stderr]    Compiling bzip2-sys v0.1.6
[INFO] [stderr]     Checking time v0.1.39
[INFO] [stderr]    Compiling log v0.4.1
[INFO] [stderr]    Compiling sdl2-sys v0.31.0
[INFO] [stderr]     Checking unreachable v0.1.1
[INFO] [stderr]    Compiling itertools v0.5.10
[INFO] [stderr]     Checking draw_state v0.8.0
[INFO] [stderr]     Checking app_dirs2 v2.0.3
[INFO] [stderr]     Checking inflate v0.4.3
[INFO] [stderr]    Compiling xml-rs v0.7.0
[INFO] [stderr]     Checking gif v0.10.0
[INFO] [stderr]     Checking ogg v0.4.1
[INFO] [stderr]     Checking stb_truetype v0.2.2
[INFO] [stderr]     Checking deflate v0.7.17
[INFO] [stderr]     Checking jpeg-decoder v0.1.14
[INFO] [stderr]     Checking num-traits v0.1.43
[INFO] [stderr]     Checking num-integer v0.1.36
[INFO] [stderr]     Checking msdos_time v0.1.5
[INFO] [stderr]    Compiling serde_derive_internals v0.19.0
[INFO] [stderr]    Compiling smart-default v0.2.0
[INFO] [stderr]     Checking rand v0.3.22
[INFO] [stderr]     Checking twox-hash v1.1.1
[INFO] [stderr]    Compiling alsa-sys v0.1.1
[INFO] [stderr]     Checking euclid v0.17.3
[INFO] [stderr]     Checking sid v0.5.0
[INFO] [stderr]     Checking ordered-float v0.5.0
[INFO] [stderr]     Checking lewton v0.5.2
[INFO] [stderr]     Checking num-iter v0.1.35
[INFO] [stderr]     Checking num-rational v0.1.42
[INFO] [stderr]     Checking cgmath v0.14.1
[INFO] [stderr]     Checking num v0.1.42
[INFO] [stderr]     Checking png v0.12.0
[INFO] [stderr]     Checking rusttype v0.5.2
[INFO] [stderr]    Compiling gl_generator v0.9.0
[INFO] [stderr]     Checking lyon_geom v0.10.1
[INFO] [stderr]     Checking bzip2 v0.3.2
[INFO] [stderr]     Checking backtrace v0.3.9
[INFO] [stderr]    Compiling quote v0.6.8
[INFO] [stderr]     Checking cpal v0.8.2
[INFO] [stderr]     Checking zip v0.3.3
[INFO] [stderr]    Compiling syn v0.14.9
[INFO] [stderr]     Checking generic-array v0.8.3
[INFO] [stderr]     Checking sdl2 v0.31.0
[INFO] [stderr]     Checking num-complex v0.1.42
[INFO] [stderr]     Checking lyon_path v0.10.1
[INFO] [stderr]     Checking lyon_tessellation v0.10.2
[INFO] [stderr]    Compiling gfx_gl v0.5.0
[INFO] [stderr]    Compiling serde_derive v1.0.27
[INFO] [stderr]     Checking alga v0.5.2
[INFO] [stderr]     Checking lyon v0.10.2
[INFO] [stderr]     Checking nalgebra v0.13.0
[INFO] [stderr]     Checking nalgebra v0.14.0
[INFO] [stderr]    Compiling derivative v1.0.0
[INFO] [stderr]     Checking rodio v0.7.0
[INFO] [stdout] error[E0119]: conflicting implementations of trait `std::ops::Mul<&_>` for type `geometry::translation::Translation<_, _>`:
[INFO] [stdout]    --> /opt/rustwide/cargo-home/registry/src/github.com-1ecc6299db9ec823/nalgebra-0.13.0/src/geometry/isometry_ops.rs:67:9
[INFO] [stdout]     |
[INFO] [stdout] 67  | /         impl<$($lives ,)* N: Real, D: DimName, R> $Op<$Rhs> for $Lhs
[INFO] [stdout] 68  | |             where R: AlgaRotation<Point<N, D>>,
[INFO] [stdout] 69  | |                   DefaultAllocator: Allocator<N, D> {
[INFO] [stdout] 70  | |             type Output = $Output;
[INFO] [stdout] ...   |
[INFO] [stdout] 75  | |             }
[INFO] [stdout] 76  | |         }
[INFO] [stdout]     | |         ^
[INFO] [stdout]     | |         |
[INFO] [stdout]     | |_________first implementation here
[INFO] [stdout]     |           conflicting implementation for `geometry::translation::Translation<_, _>`
[INFO] [stdout] ...
[INFO] [stdout] 281 | / isometry_binop_impl_all!(
[INFO] [stdout] 282 | |     Mul, mul;
[INFO] [stdout] 283 | |     self: Translation<N, D>, right: R, Output = Isometry<N, D, R>;
[INFO] [stdout] 284 | |     [val val] => Isometry::from_parts(self, right);
[INFO] [stdout] ...   |
[INFO] [stdout] 287 | |     [ref ref] => Isometry::from_parts(self.clone(), right.clone());
[INFO] [stdout] 288 | | );
[INFO] [stdout]     | |__- in this macro invocation
[INFO] [stdout]     |
[INFO] [stdout]     = note: downstream crates may implement trait `alga::linear::Rotation<geometry::point::Point<_, _>>` for type `&_`
[INFO] [stdout]     = note: this error originates in a macro (in Nightly builds, run with -Z macro-backtrace for more info)
[INFO] [stdout] 
[INFO] [stdout] 
[INFO] [stdout] error[E0119]: conflicting implementations of trait `std::ops::Mul<&_>` for type `&geometry::translation::Translation<_, _>`:
[INFO] [stdout]    --> /opt/rustwide/cargo-home/registry/src/github.com-1ecc6299db9ec823/nalgebra-0.13.0/src/geometry/isometry_ops.rs:67:9
[INFO] [stdout]     |
[INFO] [stdout] 67  | /         impl<$($lives ,)* N: Real, D: DimName, R> $Op<$Rhs> for $Lhs
[INFO] [stdout] 68  | |             where R: AlgaRotation<Point<N, D>>,
[INFO] [stdout] 69  | |                   DefaultAllocator: Allocator<N, D> {
[INFO] [stdout] 70  | |             type Output = $Output;
[INFO] [stdout] ...   |
[INFO] [stdout] 75  | |             }
[INFO] [stdout] 76  | |         }
[INFO] [stdout]     | |         ^
[INFO] [stdout]     | |         |
[INFO] [stdout]     | |_________first implementation here
[INFO] [stdout]     |           conflicting implementation for `&geometry::translation::Translation<_, _>`
[INFO] [stdout] ...
[INFO] [stdout] 281 | / isometry_binop_impl_all!(
[INFO] [stdout] 282 | |     Mul, mul;
[INFO] [stdout] 283 | |     self: Translation<N, D>, right: R, Output = Isometry<N, D, R>;
[INFO] [stdout] 284 | |     [val val] => Isometry::from_parts(self, right);
[INFO] [stdout] ...   |
[INFO] [stdout] 287 | |     [ref ref] => Isometry::from_parts(self.clone(), right.clone());
[INFO] [stdout] 288 | | );
[INFO] [stdout]     | |__- in this macro invocation
[INFO] [stdout]     |
[INFO] [stdout]     = note: downstream crates may implement trait `alga::linear::Rotation<geometry::point::Point<_, _>>` for type `&_`
[INFO] [stdout]     = note: this error originates in a macro (in Nightly builds, run with -Z macro-backtrace for more info)
[INFO] [stdout] 
[INFO] [stdout] 
[INFO] [stdout] error: aborting due to 2 previous errors
[INFO] [stdout] 
[INFO] [stdout] 
[INFO] [stdout] For more information about this error, try `rustc --explain E0119`.
[INFO] [stdout] 
[INFO] [stderr] error: could not compile `nalgebra`.
[INFO] [stderr] 
[INFO] [stderr] To learn more, run the command again with --verbose.
[INFO] [stderr] warning: build failed, waiting for other jobs to finish...
[INFO] [stdout] error[E0119]: conflicting implementations of trait `std::ops::Mul<&_>` for type `geometry::translation::Translation<_, _>`:
[INFO] [stdout]    --> /opt/rustwide/cargo-home/registry/src/github.com-1ecc6299db9ec823/nalgebra-0.14.0/src/geometry/isometry_ops.rs:67:9
[INFO] [stdout]     |
[INFO] [stdout] 67  | /         impl<$($lives ,)* N: Real, D: DimName, R> $Op<$Rhs> for $Lhs
[INFO] [stdout] 68  | |             where R: AlgaRotation<Point<N, D>>,
[INFO] [stdout] 69  | |                   DefaultAllocator: Allocator<N, D> {
[INFO] [stdout] 70  | |             type Output = $Output;
[INFO] [stdout] ...   |
[INFO] [stdout] 75  | |             }
[INFO] [stdout] 76  | |         }
[INFO] [stdout]     | |         ^
[INFO] [stdout]     | |         |
[INFO] [stdout]     | |_________first implementation here
[INFO] [stdout]     |           conflicting implementation for `geometry::translation::Translation<_, _>`
[INFO] [stdout] ...
[INFO] [stdout] 285 | / isometry_binop_impl_all!(
[INFO] [stdout] 286 | |     Mul, mul;
[INFO] [stdout] 287 | |     self: Translation<N, D>, right: R, Output = Isometry<N, D, R>;
[INFO] [stdout] 288 | |     [val val] => Isometry::from_parts(self, right);
[INFO] [stdout] ...   |
[INFO] [stdout] 291 | |     [ref ref] => Isometry::from_parts(self.clone(), right.clone());
[INFO] [stdout] 292 | | );
[INFO] [stdout]     | |__- in this macro invocation
[INFO] [stdout]     |
[INFO] [stdout]     = note: downstream crates may implement trait `alga::linear::Rotation<geometry::point::Point<_, _>>` for type `&_`
[INFO] [stdout]     = note: this error originates in a macro (in Nightly builds, run with -Z macro-backtrace for more info)
[INFO] [stdout] 
[INFO] [stdout] 
[INFO] [stdout] error[E0119]: conflicting implementations of trait `std::ops::Mul<&_>` for type `&geometry::translation::Translation<_, _>`:
[INFO] [stdout]    --> /opt/rustwide/cargo-home/registry/src/github.com-1ecc6299db9ec823/nalgebra-0.14.0/src/geometry/isometry_ops.rs:67:9
[INFO] [stdout]     |
[INFO] [stdout] 67  | /         impl<$($lives ,)* N: Real, D: DimName, R> $Op<$Rhs> for $Lhs
[INFO] [stdout] 68  | |             where R: AlgaRotation<Point<N, D>>,
[INFO] [stdout] 69  | |                   DefaultAllocator: Allocator<N, D> {
[INFO] [stdout] 70  | |             type Output = $Output;
[INFO] [stdout] ...   |
[INFO] [stdout] 75  | |             }
[INFO] [stdout] 76  | |         }
[INFO] [stdout]     | |         ^
[INFO] [stdout]     | |         |
[INFO] [stdout]     | |_________first implementation here
[INFO] [stdout]     |           conflicting implementation for `&geometry::translation::Translation<_, _>`
[INFO] [stdout] ...
[INFO] [stdout] 285 | / isometry_binop_impl_all!(
[INFO] [stdout] 286 | |     Mul, mul;
[INFO] [stdout] 287 | |     self: Translation<N, D>, right: R, Output = Isometry<N, D, R>;
[INFO] [stdout] 288 | |     [val val] => Isometry::from_parts(self, right);
[INFO] [stdout] ...   |
[INFO] [stdout] 291 | |     [ref ref] => Isometry::from_parts(self.clone(), right.clone());
[INFO] [stdout] 292 | | );
[INFO] [stdout]     | |__- in this macro invocation
[INFO] [stdout]     |
[INFO] [stdout]     = note: downstream crates may implement trait `alga::linear::Rotation<geometry::point::Point<_, _>>` for type `&_`
[INFO] [stdout]     = note: this error originates in a macro (in Nightly builds, run with -Z macro-backtrace for more info)
[INFO] [stdout] 
[INFO] [stdout] 
[INFO] [stdout] error[E0592]: duplicate definitions with name `new`
[INFO] [stdout]    --> /opt/rustwide/cargo-home/registry/src/github.com-1ecc6299db9ec823/nalgebra-0.14.0/src/core/construction.rs:489:13
[INFO] [stdout]     |
[INFO] [stdout] 489 |               pub fn new($($args: N),*) -> Self {
[INFO] [stdout]     |               ^^^^^^^^^^^^^^^^^^^^^^^^^^^^^^^^^ duplicate definitions for `new`
[INFO] [stdout] ...
[INFO] [stdout] 501 | / componentwise_constructors_impl!(
[INFO] [stdout] 502 | |     /*
[INFO] [stdout] 503 | |      * Square matrices 1 .. 6.
[INFO] [stdout] 504 | |      */
[INFO] [stdout] ...   |
[INFO] [stdout] 643 | |     U6, U1, x:(0,0), y:(1,0), z:(2,0), w:(3,0), a:(4,0), b:(5,0);
[INFO] [stdout] 644 | | );
[INFO] [stdout]     | |__- in this macro invocation
[INFO] [stdout]     | 
[INFO] [stdout]    ::: /opt/rustwide/cargo-home/registry/src/github.com-1ecc6299db9ec823/nalgebra-0.14.0/src/core/construction_slice.rs:161:13
[INFO] [stdout]     |
[INFO] [stdout] 161 |               pub fn new(data: &'a [N], $($args: usize),*) -> Self {
[INFO] [stdout]     |               ---------------------------------------------------- other definition for `new`
[INFO] [stdout]     |
[INFO] [stdout]     = note: this error originates in a macro (in Nightly builds, run with -Z macro-backtrace for more info)
[INFO] [stdout] 
[INFO] [stdout] 
[INFO] [stdout] error[E0592]: duplicate definitions with name `new`
[INFO] [stdout]    --> /opt/rustwide/cargo-home/registry/src/github.com-1ecc6299db9ec823/nalgebra-0.14.0/src/core/construction.rs:489:13
[INFO] [stdout]     |
[INFO] [stdout] 489 |               pub fn new($($args: N),*) -> Self {
[INFO] [stdout]     |               ^^^^^^^^^^^^^^^^^^^^^^^^^^^^^^^^^ duplicate definitions for `new`
[INFO] [stdout] ...
[INFO] [stdout] 501 | / componentwise_constructors_impl!(
[INFO] [stdout] 502 | |     /*
[INFO] [stdout] 503 | |      * Square matrices 1 .. 6.
[INFO] [stdout] 504 | |      */
[INFO] [stdout] ...   |
[INFO] [stdout] 643 | |     U6, U1, x:(0,0), y:(1,0), z:(2,0), w:(3,0), a:(4,0), b:(5,0);
[INFO] [stdout] 644 | | );
[INFO] [stdout]     | |__- in this macro invocation
[INFO] [stdout]     | 
[INFO] [stdout]    ::: /opt/rustwide/cargo-home/registry/src/github.com-1ecc6299db9ec823/nalgebra-0.14.0/src/core/construction_slice.rs:218:13
[INFO] [stdout]     |
[INFO] [stdout] 218 |               pub fn new(data: &'a mut [N], $($args: usize),*) -> Self {
[INFO] [stdout]     |               -------------------------------------------------------- other definition for `new`
[INFO] [stdout]     |
[INFO] [stdout]     = note: this error originates in a macro (in Nightly builds, run with -Z macro-backtrace for more info)
[INFO] [stdout] 
[INFO] [stdout] 
[INFO] [stdout] error: aborting due to 4 previous errors
[INFO] [stdout] 
[INFO] [stdout] 
[INFO] [stdout] Some errors have detailed explanations: E0119, E0592.
[INFO] [stdout] 
[INFO] [stdout] For more information about an error, try `rustc --explain E0119`.
[INFO] [stdout] 
[INFO] [stderr] error: build failed
[INFO] running `Command { std: "docker" "inspect" "2663096cd80d3261650ebf20b79ecf5f87bafa3174657373e07b37c4882d58b2", kill_on_drop: false }`
[INFO] running `Command { std: "docker" "rm" "-f" "2663096cd80d3261650ebf20b79ecf5f87bafa3174657373e07b37c4882d58b2", kill_on_drop: false }`
[INFO] [stdout] 2663096cd80d3261650ebf20b79ecf5f87bafa3174657373e07b37c4882d58b2
